{"id":6796,"date":"2026-03-22T13:56:14","date_gmt":"2026-03-22T13:56:14","guid":{"rendered":"https:\/\/asake.pl\/?page_id=6796"},"modified":"2026-03-22T15:00:38","modified_gmt":"2026-03-22T15:00:38","slug":"events","status":"publish","type":"page","link":"https:\/\/asake.pl\/index.php\/events\/","title":{"rendered":"Events"},"content":{"rendered":"\t\t<div data-elementor-type=\"wp-page\" data-elementor-id=\"6796\" class=\"elementor elementor-6796\">\n\t\t\t\t\t\t<section class=\"elementor-section elementor-top-section elementor-element elementor-element-45fed3cf pt-section-content-fullwidth pt-parallax-on-scroll pt_scroll_y_150 elementor-section-boxed elementor-section-height-default elementor-section-height-default\" data-id=\"45fed3cf\" data-element_type=\"section\" data-e-type=\"section\" data-settings=\"{&quot;background_background&quot;:&quot;classic&quot;}\" data-pt-parallax-y=\"150\" style=\"background-image: none;\" data-pt-background-image=\"https:\/\/asake.pl\/wp-content\/uploads\/2026\/03\/WhatsApp-Image-2026-03-16-at-11.35.17-2.jpeg\">\n\t\t\t\t\t\t\t<div class=\"elementor-background-overlay\"><\/div>\n\t\t\t\t\t\t\t<div class=\"elementor-container elementor-column-gap-no\">\n\t\t\t\t\t<div class=\"elementor-column elementor-col-100 elementor-top-column elementor-element elementor-element-534bfec1 dark-color\" data-id=\"534bfec1\" data-element_type=\"column\" data-e-type=\"column\">\n\t\t\t<div class=\"elementor-widget-wrap elementor-element-populated\">\n\t\t\t\t\t\t<div class=\"elementor-element elementor-element-2be3b49b elementor-widget elementor-widget-pt_title\" data-id=\"2be3b49b\" data-element_type=\"widget\" data-e-type=\"widget\" data-widget_type=\"pt_title.default\">\n\t\t\t\t<div class=\"elementor-widget-container\">\n\t\t\t\t\t\n        <div class=\"pt-title-wrap text-center\">\t            <h1 class=\"pt-title\">\n\t                Eventy i catering\t            <\/h1>        <\/div>\t\t\t\t<\/div>\n\t\t\t\t<\/div>\n\t\t\t\t\t<\/div>\n\t\t<\/div>\n\t\t\t\t\t<\/div>\n\t\t<\/section>\n\t\t\t\t<section class=\"elementor-section elementor-top-section elementor-element elementor-element-3d86ece elementor-section-boxed elementor-section-height-default elementor-section-height-default\" data-id=\"3d86ece\" data-element_type=\"section\" data-e-type=\"section\">\n\t\t\t\t\t\t<div class=\"elementor-container elementor-column-gap-no\">\n\t\t\t\t\t<div class=\"elementor-column elementor-col-100 elementor-top-column elementor-element elementor-element-362adcd\" data-id=\"362adcd\" data-element_type=\"column\" data-e-type=\"column\">\n\t\t\t<div class=\"elementor-widget-wrap elementor-element-populated\">\n\t\t\t\t\t\t\t<\/div>\n\t\t<\/div>\n\t\t\t\t\t<\/div>\n\t\t<\/section>\n\t\t\t\t<section class=\"elementor-section elementor-top-section elementor-element elementor-element-bb141ee elementor-section-boxed elementor-section-height-default elementor-section-height-default\" data-id=\"bb141ee\" data-element_type=\"section\" data-e-type=\"section\">\n\t\t\t\t\t\t<div class=\"elementor-container elementor-column-gap-no\">\n\t\t\t\t\t<div class=\"elementor-column elementor-col-100 elementor-top-column elementor-element elementor-element-67e5fea\" data-id=\"67e5fea\" data-element_type=\"column\" data-e-type=\"column\">\n\t\t\t<div class=\"elementor-widget-wrap elementor-element-populated\">\n\t\t\t\t\t\t\t<\/div>\n\t\t<\/div>\n\t\t\t\t\t<\/div>\n\t\t<\/section>\n\t\t\t\t<section class=\"elementor-section elementor-top-section elementor-element elementor-element-a0e56a2 elementor-section-boxed elementor-section-height-default elementor-section-height-default\" data-id=\"a0e56a2\" data-element_type=\"section\" data-e-type=\"section\">\n\t\t\t\t\t\t<div class=\"elementor-container elementor-column-gap-no\">\n\t\t\t\t\t<div class=\"elementor-column elementor-col-50 elementor-top-column elementor-element elementor-element-5ecd56e\" data-id=\"5ecd56e\" data-element_type=\"column\" data-e-type=\"column\" data-settings=\"{&quot;background_background&quot;:&quot;classic&quot;}\">\n\t\t\t<div class=\"elementor-widget-wrap elementor-element-populated\">\n\t\t\t\t\t\t<div class=\"elementor-element elementor-element-31ede16 elementor-widget elementor-widget-pt_title\" data-id=\"31ede16\" data-element_type=\"widget\" data-e-type=\"widget\" data-widget_type=\"pt_title.default\">\n\t\t\t\t<div class=\"elementor-widget-container\">\n\t\t\t\t\t\n        <div class=\"pt-title-wrap text-center\">\t            <h6 class=\"pt-title\">\n\t                Nasza misja\t            <\/h6>\t            <div class=\"pt-title-text\">\n\t                <p>W \u00c0\u1e63\u00e0k\u1eb9\u0301 wiemy, \u017ce najlepsze wspomnienia powstaj\u0105 przy stole. Pozw\u00f3l nam zaj\u0105\u0107 si\u0119 gotowaniem (i sprz\u0105taniem), aby\u015b m\u00f3g\u0142 skupi\u0107 si\u0119 na tym, co naprawd\u0119 wa\u017cne: na swoich go\u015bciach.<\/p><p>Niezale\u017cnie od tego, czy chodzi o wesele w ogrodzie, \u015bwi\u0105teczne przyj\u0119cie firmowe, czy nieformalne spotkanie z s\u0105siadami, dostarczamy nasze wyj\u0105tkowe, domowe jedzenie i przyjazn\u0105 obs\u0142ug\u0119 prosto do Ciebie. Oferujemy elastyczne pakiety cateringowe, dopasowane do ka\u017cdej wielko\u015bci grupy i bud\u017cetu. Wybierz spo\u015br\u00f3d naszych atrakcyjnych bufet\u00f3w, interaktywnych punkt\u00f3w gastronomicznych lub uczty w stylu rodzinnym, w kt\u00f3rej wszyscy poczuj\u0105 si\u0119 jak w domu.<\/p><p>Co oferujemy:<\/p><p>Opcje odbioru i dostawy<\/p><p>Pe\u0142na obs\u0142uga i przygotowanie<\/p><p>Uczta w rodzinnym stylu<\/p><p>\u00a0<\/p>\t            <\/div>        <\/div>\t\t\t\t<\/div>\n\t\t\t\t<\/div>\n\t\t\t\t\t<\/div>\n\t\t<\/div>\n\t\t\t\t<div class=\"elementor-column elementor-col-50 elementor-top-column elementor-element elementor-element-6f612d2 pt-animation-medium-offset elementor-invisible\" data-id=\"6f612d2\" data-element_type=\"column\" data-e-type=\"column\" data-settings=\"{&quot;background_background&quot;:&quot;classic&quot;,&quot;animation&quot;:&quot;fadeInUp&quot;,&quot;animation_delay&quot;:200}\">\n\t\t\t<div class=\"elementor-widget-wrap elementor-element-populated\">\n\t\t\t\t\t\t<div class=\"elementor-element elementor-element-391e9ea elementor-widget elementor-widget-spacer\" data-id=\"391e9ea\" data-element_type=\"widget\" data-e-type=\"widget\" data-widget_type=\"spacer.default\">\n\t\t\t\t\t\t\t<div class=\"elementor-spacer\">\n\t\t\t<div class=\"elementor-spacer-inner\"><\/div>\n\t\t<\/div>\n\t\t\t\t\t\t<\/div>\n\t\t\t\t\t<\/div>\n\t\t<\/div>\n\t\t\t\t\t<\/div>\n\t\t<\/section>\n\t\t\t\t<section class=\"elementor-section elementor-top-section elementor-element elementor-element-1d37f4a elementor-section-boxed elementor-section-height-default elementor-section-height-default\" data-id=\"1d37f4a\" data-element_type=\"section\" data-e-type=\"section\">\n\t\t\t\t\t\t<div class=\"elementor-container elementor-column-gap-no\">\n\t\t\t\t\t<div class=\"elementor-column elementor-col-100 elementor-top-column elementor-element elementor-element-50857d4\" data-id=\"50857d4\" data-element_type=\"column\" data-e-type=\"column\">\n\t\t\t<div class=\"elementor-widget-wrap elementor-element-populated\">\n\t\t\t\t\t\t\t<\/div>\n\t\t<\/div>\n\t\t\t\t\t<\/div>\n\t\t<\/section>\n\t\t\t\t<\/div>\n\t\t","protected":false},"excerpt":{"rendered":"<p>Eventy i catering Nasza misja W \u00c0\u1e63\u00e0k\u1eb9\u0301 wiemy, \u017ce najlepsze wspomnienia powstaj\u0105 przy stole. Pozw\u00f3l nam zaj\u0105\u0107 si\u0119 gotowaniem (i sprz\u0105taniem), aby\u015b m\u00f3g\u0142 skupi\u0107 si\u0119 na tym, co naprawd\u0119 wa\u017cne: na swoich go\u015bciach. Niezale\u017cnie od tego, czy chodzi o wesele w ogrodzie, \u015bwi\u0105teczne przyj\u0119cie firmowe, czy nieformalne spotkanie z s\u0105siadami, dostarczamy nasze wyj\u0105tkowe, domowe jedzenie &#8230;<\/p>\n","protected":false},"author":1,"featured_media":0,"parent":0,"menu_order":0,"comment_status":"closed","ping_status":"closed","template":"template-wide-content.php","meta":{"patiotime_single_page_hide_site_header":"","patiotime_single_page_site_header_source":"","patiotime_single_page_custom_site_header":"0","patiotime_single_page_custom_sticky_site_header":"0","patiotime_single_page_custom_page_title_margin_top_source":"","patiotime_single_page_custom_page_title_desktop_margin_top":"","patiotime_single_page_custom_page_title_tablet_margin_top":"","patiotime_single_page_custom_page_title_mobile_margin_top":"","patiotime_single_page_hide_page_title":"on","patiotime_single_page_header_section_size":"","patiotime_single_page_header_background_color":"","patiotime_single_page_header_background_position_x":"center","patiotime_single_page_header_background_position_y":"center","patiotime_single_page_header_background_size":"cover","patiotime_single_page_header_background_repeat":"off","patiotime_single_page_header_background_scroll":"on","patiotime_single_page_header_text_color":"","patiotime_single_page_header_show_breadcrumb":"","patiotime_single_page_site_footer_hide_main":"","patiotime_single_custom_site_footer_main_source":"","patiotime_single_custom_site_footer_main":"0","patiotime_single_page_site_footer_hide_above":"","patiotime_single_custom_site_footer_above_source":"","patiotime_single_custom_site_footer_above":"0","patiotime_single_page_site_footer_hide_instagram":"","patiotime_single_page_site_footer_hide_bottom":"","patiotime_single_custom_mobile_menu_source":"","patiotime_single_custom_mobile_menu":"0","patiotime_single_custom_mobile_menu_animation":"","patiotime_single_custom_mobile_menu_width":"","patiotime_single_custom_mobile_menu_custom_width":375,"footnotes":""},"class_list":["post-6796","page","type-page","status-publish","hentry"],"yoast_head":"<!-- This site is optimized with the Yoast SEO plugin v27.1.1 - https:\/\/yoast.com\/product\/yoast-seo-wordpress\/ -->\n<title>Events - Asake<\/title>\n<meta name=\"robots\" content=\"index, follow, max-snippet:-1, max-image-preview:large, max-video-preview:-1\" \/>\n<link rel=\"canonical\" href=\"https:\/\/asake.pl\/index.php\/events\/\" \/>\n<meta property=\"og:locale\" content=\"en_GB\" \/>\n<meta property=\"og:type\" content=\"article\" \/>\n<meta property=\"og:title\" content=\"Events - Asake\" \/>\n<meta property=\"og:description\" content=\"Eventy i catering Nasza misja W \u00c0\u1e63\u00e0k\u1eb9\u0301 wiemy, \u017ce najlepsze wspomnienia powstaj\u0105 przy stole. Pozw\u00f3l nam zaj\u0105\u0107 si\u0119 gotowaniem (i sprz\u0105taniem), aby\u015b m\u00f3g\u0142 skupi\u0107 si\u0119 na tym, co naprawd\u0119 wa\u017cne: na swoich go\u015bciach. Niezale\u017cnie od tego, czy chodzi o wesele w ogrodzie, \u015bwi\u0105teczne przyj\u0119cie firmowe, czy nieformalne spotkanie z s\u0105siadami, dostarczamy nasze wyj\u0105tkowe, domowe jedzenie ...\" \/>\n<meta property=\"og:url\" content=\"https:\/\/asake.pl\/index.php\/events\/\" \/>\n<meta property=\"og:site_name\" content=\"Asake\" \/>\n<meta property=\"article:modified_time\" content=\"2026-03-22T15:00:38+00:00\" \/>\n<meta name=\"twitter:card\" content=\"summary_large_image\" \/>\n<meta name=\"twitter:label1\" content=\"Estimated reading time\" \/>\n\t<meta name=\"twitter:data1\" content=\"1 minute\" \/>\n<script type=\"application\/ld+json\" class=\"yoast-schema-graph\">{\"@context\":\"https:\/\/schema.org\",\"@graph\":[{\"@type\":\"WebPage\",\"@id\":\"https:\/\/asake.pl\/index.php\/events\/\",\"url\":\"https:\/\/asake.pl\/index.php\/events\/\",\"name\":\"Events - Asake\",\"isPartOf\":{\"@id\":\"https:\/\/asake.pl\/#website\"},\"datePublished\":\"2026-03-22T13:56:14+00:00\",\"dateModified\":\"2026-03-22T15:00:38+00:00\",\"breadcrumb\":{\"@id\":\"https:\/\/asake.pl\/index.php\/events\/#breadcrumb\"},\"inLanguage\":\"en-GB\",\"potentialAction\":[{\"@type\":\"ReadAction\",\"target\":[\"https:\/\/asake.pl\/index.php\/events\/\"]}]},{\"@type\":\"BreadcrumbList\",\"@id\":\"https:\/\/asake.pl\/index.php\/events\/#breadcrumb\",\"itemListElement\":[{\"@type\":\"ListItem\",\"position\":1,\"name\":\"Home\",\"item\":\"https:\/\/asake.pl\/\"},{\"@type\":\"ListItem\",\"position\":2,\"name\":\"Events\"}]},{\"@type\":\"WebSite\",\"@id\":\"https:\/\/asake.pl\/#website\",\"url\":\"https:\/\/asake.pl\/\",\"name\":\"Asake\",\"description\":\"\",\"publisher\":{\"@id\":\"https:\/\/asake.pl\/#organization\"},\"potentialAction\":[{\"@type\":\"SearchAction\",\"target\":{\"@type\":\"EntryPoint\",\"urlTemplate\":\"https:\/\/asake.pl\/?s={search_term_string}\"},\"query-input\":{\"@type\":\"PropertyValueSpecification\",\"valueRequired\":true,\"valueName\":\"search_term_string\"}}],\"inLanguage\":\"en-GB\"},{\"@type\":\"Organization\",\"@id\":\"https:\/\/asake.pl\/#organization\",\"name\":\"Asake\",\"url\":\"https:\/\/asake.pl\/\",\"logo\":{\"@type\":\"ImageObject\",\"inLanguage\":\"en-GB\",\"@id\":\"https:\/\/asake.pl\/#\/schema\/logo\/image\/\",\"url\":\"https:\/\/asake.pl\/wp-content\/uploads\/2026\/03\/Presentation.jpg\",\"contentUrl\":\"https:\/\/asake.pl\/wp-content\/uploads\/2026\/03\/Presentation.jpg\",\"width\":1920,\"height\":1080,\"caption\":\"Asake\"},\"image\":{\"@id\":\"https:\/\/asake.pl\/#\/schema\/logo\/image\/\"}}]}<\/script>\n<!-- \/ Yoast SEO plugin. -->","yoast_head_json":{"title":"Events - Asake","robots":{"index":"index","follow":"follow","max-snippet":"max-snippet:-1","max-image-preview":"max-image-preview:large","max-video-preview":"max-video-preview:-1"},"canonical":"https:\/\/asake.pl\/index.php\/events\/","og_locale":"en_GB","og_type":"article","og_title":"Events - Asake","og_description":"Eventy i catering Nasza misja W \u00c0\u1e63\u00e0k\u1eb9\u0301 wiemy, \u017ce najlepsze wspomnienia powstaj\u0105 przy stole. Pozw\u00f3l nam zaj\u0105\u0107 si\u0119 gotowaniem (i sprz\u0105taniem), aby\u015b m\u00f3g\u0142 skupi\u0107 si\u0119 na tym, co naprawd\u0119 wa\u017cne: na swoich go\u015bciach. Niezale\u017cnie od tego, czy chodzi o wesele w ogrodzie, \u015bwi\u0105teczne przyj\u0119cie firmowe, czy nieformalne spotkanie z s\u0105siadami, dostarczamy nasze wyj\u0105tkowe, domowe jedzenie ...","og_url":"https:\/\/asake.pl\/index.php\/events\/","og_site_name":"Asake","article_modified_time":"2026-03-22T15:00:38+00:00","twitter_card":"summary_large_image","twitter_misc":{"Estimated reading time":"1 minute"},"schema":{"@context":"https:\/\/schema.org","@graph":[{"@type":"WebPage","@id":"https:\/\/asake.pl\/index.php\/events\/","url":"https:\/\/asake.pl\/index.php\/events\/","name":"Events - Asake","isPartOf":{"@id":"https:\/\/asake.pl\/#website"},"datePublished":"2026-03-22T13:56:14+00:00","dateModified":"2026-03-22T15:00:38+00:00","breadcrumb":{"@id":"https:\/\/asake.pl\/index.php\/events\/#breadcrumb"},"inLanguage":"en-GB","potentialAction":[{"@type":"ReadAction","target":["https:\/\/asake.pl\/index.php\/events\/"]}]},{"@type":"BreadcrumbList","@id":"https:\/\/asake.pl\/index.php\/events\/#breadcrumb","itemListElement":[{"@type":"ListItem","position":1,"name":"Home","item":"https:\/\/asake.pl\/"},{"@type":"ListItem","position":2,"name":"Events"}]},{"@type":"WebSite","@id":"https:\/\/asake.pl\/#website","url":"https:\/\/asake.pl\/","name":"Asake","description":"","publisher":{"@id":"https:\/\/asake.pl\/#organization"},"potentialAction":[{"@type":"SearchAction","target":{"@type":"EntryPoint","urlTemplate":"https:\/\/asake.pl\/?s={search_term_string}"},"query-input":{"@type":"PropertyValueSpecification","valueRequired":true,"valueName":"search_term_string"}}],"inLanguage":"en-GB"},{"@type":"Organization","@id":"https:\/\/asake.pl\/#organization","name":"Asake","url":"https:\/\/asake.pl\/","logo":{"@type":"ImageObject","inLanguage":"en-GB","@id":"https:\/\/asake.pl\/#\/schema\/logo\/image\/","url":"https:\/\/asake.pl\/wp-content\/uploads\/2026\/03\/Presentation.jpg","contentUrl":"https:\/\/asake.pl\/wp-content\/uploads\/2026\/03\/Presentation.jpg","width":1920,"height":1080,"caption":"Asake"},"image":{"@id":"https:\/\/asake.pl\/#\/schema\/logo\/image\/"}}]}},"_links":{"self":[{"href":"https:\/\/asake.pl\/index.php\/wp-json\/wp\/v2\/pages\/6796","targetHints":{"allow":["GET"]}}],"collection":[{"href":"https:\/\/asake.pl\/index.php\/wp-json\/wp\/v2\/pages"}],"about":[{"href":"https:\/\/asake.pl\/index.php\/wp-json\/wp\/v2\/types\/page"}],"author":[{"embeddable":true,"href":"https:\/\/asake.pl\/index.php\/wp-json\/wp\/v2\/users\/1"}],"replies":[{"embeddable":true,"href":"https:\/\/asake.pl\/index.php\/wp-json\/wp\/v2\/comments?post=6796"}],"version-history":[{"count":16,"href":"https:\/\/asake.pl\/index.php\/wp-json\/wp\/v2\/pages\/6796\/revisions"}],"predecessor-version":[{"id":6864,"href":"https:\/\/asake.pl\/index.php\/wp-json\/wp\/v2\/pages\/6796\/revisions\/6864"}],"wp:attachment":[{"href":"https:\/\/asake.pl\/index.php\/wp-json\/wp\/v2\/media?parent=6796"}],"curies":[{"name":"wp","href":"https:\/\/api.w.org\/{rel}","templated":true}]}}